ose -5 = 3*c + 7. Let x = 7 + c. Suppose -y + 18 = 5*j, -5*j - 2*y + x*y + 22 = 0. What is the highest common divisor of 10 and j?
2
Let f(j) = j**3 - 5*j**2 - 5*j - 3. Let i be f(6). Suppose -3*z - z = -q - 38, i*q + 14 = 2*z. Calculate the highest common divisor of z and 15.
5
Suppose 75 = 2*p + 3*p. What is the highest common factor of p and 135?
15
Let c(l) = -2 - 3*l**3 + l**3 + l + 4*l**3. Let o be c(4). What is the greatest common divisor of 52 and o?
26
Suppose 2*p + 2*o = -p + 2, 3*p - o - 8 = 0. Calculate the greatest common divisor of 4 and p.
2
Let z be 10/(-30)*-18*1. What is the highest common divisor of z and 30?
6
Suppose 0 = -g + 2*g. Suppose 4*i - 3*q - q - 4 = g, 4 = -q. Let b be (-6)/i + 16/1. What is the highest common divisor of 54 and b?
18
Let y(k) be the first derivative of k**4/4 + 8*k**3/3 + 7*k**2/2 + 14*k + 2. Let b be y(-6). Calculate the highest common divisor of b and 4.
4
Let o = -25 - -35. What is the greatest common factor of o and 20?
10
Let x(q) be the third derivative of q**5/60 - q**4/24 + 77*q**3/3 - q**2. Let r be x(0). What is the highest common divisor of r and 22?
22
Let s = 23 + -37. Let u = s - -32. Calculate the highest common factor of u and 18.
18
Let w = -16 - -25. Calculate the highest common divisor of w and 6.
3
Let v(s) = s**3 - 3*s**2 + 4. Let j be v(3). Suppose -j*t + 2 + 6 = 0. What is the greatest common factor of 1 and t?
1
Let m(z) = -z**2 + 6*z + 3. Let q be m(7). Suppose 5*x + 24 - 109 = 0. Let j = q + x. Calculate the highest common factor of j and 13.
13
Suppose 3*r - 5 = 1. Suppose 4*b - 76 = -0*b - r*q, -b - q + 18 = 0. What is the greatest common factor of b and 8?
4
Suppose 0 = -3*t - 11 + 155. Suppose -4*i - 20 = -t. Calculate the greatest common factor of 77 and i.
7
Let i be 1 - -110 - -1 - 4. Calculate the highest common divisor of 12 and i.
12
Let k(g) = 2*g - 5. Let l be k(5). Let q(s) = -s**3 + 5*s**2 - 2*s + 7. Let y be q(l). Let o = -2 - y. Calculate the highest common factor of o and 11.
1
Suppose -3*b = -2*h + 27, -5*h + 80 = -0*b + 5*b. Suppose -f + 35 + 10 = 0. What is the greatest common factor of f and h?
15
Let g = -6 - -11. Suppose 99 = g*f - 1. Suppose 0*s = 2*s - 120. Calculate the greatest common factor of s and f.
20
Let w = -104 - -116. What is the highest common divisor of w and 108?
12
Let x = -40 + 15. Let l be (-1 + 1)/(-3) - x. Suppose 0 = 3*i - 11 - l. Calculate the greatest common factor of 12 and i.
12
Suppose 1 = -3*j + 5*o, j + 14 = 3*j + 4*o. Suppose -j*m + 18 = -18. What is the highest common factor of 108 and m?
12
Suppose 0*p - 4*s = 3*p - 18, 2*s = -p + 8. Let i be (p - -8) + (-3 - -3). Calculate the greatest common factor of 90 and i.
10
Let a(d) = d**3 - 5*d**2 + 12. Let k be a(5). Calculate the highest common factor of 4 and k.
4
Let h(c) = c**3 + 16*c**2 - 3*c + 7. Let d be h(-16). Let w = 2 - -9. Calculate the greatest common divisor of d and w.
11
Let n be 5 + 0/(-3 + 0). Suppose -10 = -n*i, k - 3*i = -i + 9. What is the highest common divisor of k and 65?
13
Let d(q) = -2*q + 3. Let n(a) = -2*a + 2. Let j(c) = -5*d(c) + 4*n(c). Let z be j(8). Let p = z + 2. Calculate the greatest common divisor of 33 and p.
11
Let z = -171 + 276. Suppose -4*b + 3*b = 4*a - 35, -a + 5 = 0. Calculate the highest common divisor of z and b.
15
Let f be (-5 + 1)/4*-225. What is the highest common divisor of f and 25?
25
Suppose x = 3*a - 558, -4*a - 2*x - 2*x + 760 = 0. Calculate the highest common factor of 17 and a.
17
Let d be 114/7 - (-4)/(-14). Suppose 5*f = -5*h - 0*f + 390, -4*f + 152 = 2*h. What is the greatest common factor of h and d?
16
Let i(v) = v**2 - 6*v + 6. Let j be i(8). Calculate the greatest common factor of 55 and j.
11
Let k be -2 + 4 - 0 - -4. Let d = -10 - -6. Let h be 3/(-4)*(d + 0). What is the greatest common divisor of k and h?
3
Suppose -302 = d - 39. Let o be d/(-3) - 2/(-6). Calculate the greatest common divisor of o and 11.
11
Suppose -4*r = -5*m - 611, -r - 2*m + m + 155 = 0. Calculate the greatest common factor of 14 and r.
14
Let p(u) = -2*u**2 + u + 1. Let y be p(-1). Let o = y + 1. Let b be 12 - (1 - (o - -4)). Calculate the highest common factor of b and 154.
14
Suppose 5*d = 3*d + 8. What is the highest common divisor of 44 and d?
4
Let a(y) = -y**3 - 11*y**2 - 3*y + 13. Let p(l) = -12*l + 1. Let w be p(1). Let h be a(w). Calculate the greatest common divisor of h and 69.
23
Let b = 4 - -11. Let a = b - 14. Calculate the greatest common divisor of 9 and a.
1
Suppose 39*c = 40*c - 138. Calculate the highest common factor of c and 23.
23
Let i = -4 - -5. Let x be (-324)/(i/(4/6)). Let b be (1/2)/((-6)/x). What is the greatest common divisor of 27 and b?
9
Suppose 5*n - 20 = -5. Suppose n*k + 4 = v, 6*v = v + 5*k + 30. Calculate the greatest common factor of v and 1.
1
Suppose m - 20 = 3*z, -3*z - 6 = 2*m - 1. Let r = m + 2. What is the greatest common divisor of r and 21?
7
Suppose -3*c + 0 = -4*w - 10, 2*w = -5*c - 18. Let r be 1/(-1 + 0) - c. Suppose -l + 0*l = -1. Calculate the highest common divisor of r and l.
1
Let h(z) = 4*z + 7. Let y = 1 - -4. Let r be h(y). Calculate the highest common divisor of 9 and r.
9
Suppose 12 = 3*m + 3*m. Suppose 2*q - 8 = -4*p - 2*q, 2*q + 20 = m*p. What is the highest common divisor of 24 and p?
6
Let t(h) = h - 3. Let f be t(8). Let y(b) = b + 2. Let l be y(f). What is the highest common divisor of 7 and l?
7
Suppose 40 + 24 = 2*s - 5*n, -2*s + 56 = -n. Calculate the greatest common factor of s and 27.
27
Suppose 4*f - 3*f = -5*w - 1940, -25 = 5*f. Let x = w - -225. Let s be (x/4)/((-18)/24). Calculate the highest common factor of 6 and s.
6
Suppose -4*r + 2*r = -4. Suppose 0 = 2*m - r*x - 57 - 73, -3*m = -2*x - 200. What is the greatest common divisor of 14 and m?
14
Let s(n) = -10*n + 5. Let p be s(-5). Suppose -b + 6*b - p = 0. Let g be 968/(-12)*12/(-8). Calculate the greatest common factor of g and b.
11
Suppose 2*d - 239 = -3*f, 5*f + 3*d - 270 = 129. What is the greatest common divisor of 9 and f?
9
Let k = 4 + -2. Suppose 0 = -k*q + 3*q - 3. What is the greatest common factor of q and 24?
3
Let i be (72 - (1 + -2)) + 1. Let j = i - -3. Let p(v) = 2*v**2 - 3*v - 2. Let u be p(3). What is the greatest common factor of u and j?
7
Let k = -3 - 1. Let c be (3/(-9))/(k/420). Let x = -7 - -12. Calculate the greatest common factor of c and x.
5
Let b(y) = y - 3. Let o be b(4). Let t(k) = -2*k**3 + 2*k**2 - k. Let u be t(1). Let f = u + 2. What is the highest common divisor of f and o?
1
Suppose 8*h = -23 + 111. What is the highest common divisor of 121 and h?
11
Let a(y) = 6*y**2 + 6*y - 16. Let q(t) = -2*t**2 - 2*t + 5. Let w(o) = -5*a(o) - 16*q(o). Let l be w(-2). Calculate the greatest common divisor of l and 4.
4
Suppose -16 = d - 101. What is the greatest common divisor of d and 34?
17
Let g(q) = -q**3 + 6*q**2 + 7*q + 5. Let f be g(6). Let j = -31 + f. Let o = -4 - -12. Calculate the highest common factor of o and j.
8
Suppose 2*k + 8 = 4*w, 0 = -3*k + 7*k - 3*w - 9. Suppose 0 = 5*s + 5*s - 60. Calculate the greatest common factor of s and k.
6
Suppose -2*s - 11 = -5*o, 0 = 4*o - 9*o - 5*s + 25. What is the greatest common divisor of 15 and o?
3
Let z(u) = -u - 7. Let g be z(-14). Let l(v) = -6*v + 4. Let a be l(-4). What is the greatest common divisor of a and g?
7
Let j = -13 + 26. What is the highest common factor of j and 104?
13
Let l = 42 + 9. Let d(u) = 18*u - 2. Suppose -5*c + 15 = 5. Let s be d(c). Calculate the greatest common factor of s and l.
17
Suppose 3*i + 8 = 53. Calculate the highest common divisor of 105 and i.
15
Let h = -2 - -11. Let p be 2/h + 312/54. What is the greatest common divisor of p and 66?
6
Suppose 3*s = -2*m - 0*s - 74, -180 = 5*m + 5*s. Let p be 4/(-2) + m/(-2). Suppose 330 = -0*j + 2*j. What is the highest common factor of j and p?
15
Suppose 5*c - f = 74 + 60, -5*f = -5*c + 150. Let t(d) = -d**2 - 9*d - 1. Let w be t(-7). What is the highest common factor of w and c?
13
Suppose 11*p = p + 350. Calculate the highest common factor of 14 and p.
7
Let b = 52 + -47. What is the greatest common divisor of b and 45?
5
Suppose 7*t = 4*t + 117. Calculate the greatest common factor of t and 26.
13
Let f be -2*((-3)/2)/3. Let i = f + -1. Suppos